l?
2, 3
Suppose -42 = -15*f + 18. Let j(h) = -h + 8. Let s be j(5). Suppose s*m - 2*m - 33 = 2*i, -f = -i. List the prime factors of m.
41
What are the prime factors of 9/(45/(-10)) + 1101?
7, 157
Let d(s) = -2*s**3 + s**2 + 22*s - 11. Let l(i) = -i**3 + i**2 + 11*i - 5. Let q(v) = 3*d(v) - 7*l(v). What are the prime factors of q(7)?
2, 3
Let f = 60 + 12. Let c = -125 + f. Let m = -33 - c. List the prime factors of m.
2, 5
Let i = -867 + 1405. List the prime factors of i.
2, 269
Suppose -4*p - 48 = 3*r - 7*r, 2*p - 66 = -4*r. Let t be 8/6 - (-2)/3. Suppose -5*w + 135 - r = 5*a, t*w - 8 = 0. List the prime factors of a.
2, 5
Suppose -4*x - 7889 = -4*o + 135, 4*o + 3*x = 7996. List the prime factors of o.
2, 7, 11, 13
Let j(m) = -3*m + 2 + 3*m + 5*m - 3*m. Let f be j(-4). List the prime factors of f/(-4)*(-448)/(-24).
2, 7
Let p be (-2)/6 - (-5)/(-3). Let t(i) = 4*i**2 - 5*i + 4. Let g(c) = -3*c**2 + 4*c - 5. Let v(n) = p*t(n) - 3*g(n). What are the prime factors of v(5)?
2, 11
Let s be (2 + -1 + 0)/(2/34). Let i be 1 - -1*-1*3. Let t = s + i. What are the prime factors of t?
3, 5
Suppose -2576 = -51*r + 43*r. What are the prime factors of r?
2, 7, 23
What are the prime factors of 19*(13 - -2 - 1)?
2, 7, 19
Let x = 1 - -4. Suppose 4*y - 732 = 2*r - 4*r, -2*r = y - 189. Suppose -3*c - x*h = -209, -3*c - 2*h + 4*h + y = 0. What are the prime factors of c?
3, 7
Let i be (((-2241)/12)/(-9))/(1/8). Let w = i + -89. What are the prime factors of w?
7, 11
Let f = -9 + -2. Let c = 13 - f. List the prime factors of (5/(-3))/((-1)/c).
2, 5
Let t(i) be the first derivative of 4*i**3/3 - i**2/2 + 5*i + 4. List the prime factors of t(4).
5, 13
Let k(b) = 293*b**2 + 25*b + 7. What are the prime factors of k(3)?
2719
Let l = -645 + 733. List the prime factors of l.
2, 11
Let u(s) = 135*s - 23. What are the prime factors of u(5)?
2, 163
Suppose -3*d + 4*n = 4, -d - 2*d - 4*n - 20 = 0. Let t(k) = -k**2 - 5*k - 6. Let w be t(d). List the prime factors of (-4)/8*16/w.
2
Let p(k) = -8*k + 2. Let d = -13 + 11. Let j be (-1 - d) + -1 + -3. What are the prime factors of p(j)?
2, 13
Let n be 42/12 - 2/(-4). Suppose 3*s + 67 = n. List the prime factors of s/6*(-2 - 2).
2, 7
Let w be (-2)/8 - (-276)/(-48). Let c = -4 - w. Suppose 0*b + 76 = 2*p - c*b, 5*b - 180 = -5*p. List the prime factors of p.
37
Suppose -3*r = -4*d + 75, -2*r - 2*r = d + 5. Let z = d - -10. Let t = z - 5. What are the prime factors of t?
2, 5
Suppose 2*v - 5*y + 11 = 0, -4*v = v - 3*y - 1. Suppose 0*z + z = a + 41, 4*z = -v*a + 140. List the prime factors of z.
37
Suppose -119*f = -111*f - 1032. What are the prime factors of f?
3, 43
Suppose -3*n - f = -2232, -5*f - 890 = -5*n + 2810. What are the prime factors of n?
743
Suppose -2*u + 52 = -140. Let f = u + -62. What are the prime factors of f?
2, 17
Let o be 25/(-6) - 4/24*-1. List the prime factors of -1 - 0 - -144 - o.
3, 7
What are the prime factors of (-4)/6*((-6)/1 + -117)?
2, 41
Suppose -2 = -4*t + 6. What are the prime factors of 0 + 9 - (-3 + t)?
2, 5
Let b(q) = 14*q + 79. Let r be b(-5). Suppose 0 = -r*t - 787 + 2119. List the prime factors of t.
2, 37
What are the prime factors of 2/(-6) + (-115430)/(-105)?
7, 157
Suppose 33*u - 18312 = 3534. What are the prime factors of u?
2, 331
List the prime factors of 2/(-13) - ((-938)/13 + 7).
5, 13
Suppose 2*j = 4*m, 0*j + m - 14 = -3*j. Suppose 3*h + 5*v = 14, -v + j*v = -6. Let f(a) = a**2 - 3*a - 1. List the prime factors of f(h).
3, 13
Suppose -4*y - 3*t + 400 = 0, -y - 2*y = 2*t - 301. List the prime factors of y.
103
Suppose -n = -7*n. Suppose n = 5*m - 2*m - 246. List the prime factors of (m/(-6))/((-1)/3).
41
Let c(a) = -10*a + 5. Let q be c(-2). Suppose -q = -w + 11. What are the prime factors of w?
2, 3
Let d(s) = -5*s**3 + s**2 + s - 4. What are the prime factors of d(-4)?
2, 41
Let l = 356 - -178. List the prime factors of l.
2, 3, 89
Let u(m) = 4*m**3 - 8*m**2 + 7*m + 8. List the prime factors of u(6).
2, 313
Let w(v) = v - 2. Let n be w(5). Let y = 0 + n. Suppose y = 2*p + p, 0 = -3*q + p + 32. List the prime factors of q.
11
Suppose 0 = -0*n + 36*n - 27684. What are the prime factors of n?
769
Suppose 0 = -3*m + 5*t + 143, -4*t = -7*t + 6. Let c = m - -1. List the prime factors of c.
2, 13
Let v be (1 - -1)*(-2060)/8*3. List the prime factors of 1/(5/v*-3).
103
Suppose 4*v = -2*m + 12, 0 = 4*m - 5*m - 3*v + 10. Let q(o) = -78*o. What are the prime factors of q(m)?
2, 3, 13
Let a be (1*-2)/(-2) - -2. Let r be 2/(-8)*0 - -4. Suppose f + r*f - 47 = -a*q, -f = -5*q + 97. What are the prime factors of q?
19
Suppose 11*b - 9 - 134 = 0. Let m(p) = p**3 - 12*p**2 + 5*p - 27. What are the prime factors of m(b)?
3, 23
Suppose 498 = s + 3*y, 10*s + 1924 = 14*s - 5*y. What are the prime factors of s?
2, 3
What are the prime factors of -83*(3 + -2 + -2)?
83
Let i be 11/3 + 4/(-6). Suppose q - 196 = -i*q. List the prime factors of q.
7
Let q(p) = -4*p**3 + 2*p**2 + 7*p + 14. Let u(f) = f**3 + f**2 - 1. Let v(g) = q(g) + 3*u(g). What are the prime factors of v(6)?
17
Let d = 314 + -240. What are the prime factors of d?
2, 37
Let p be -27*(-2)/((-4)/(-4) + -3). List the prime factors of (-2331)/p + -2 + 5/3.
2, 43
Suppose 4*o - 2*o = 4*a + 2728, 5*o - 5*a = 6835. What are the prime factors of o?
2, 5, 137
Suppose -2 = -2*l + l. Suppose -2*b - b + l*g + 16 = 0, 5*g - 36 = -2*b. Let t(v) = 2*v - 12. List the prime factors of t(b).
2
Let c(z) = -z**3 + 43*z**2 - 73*z - 38. List the prime factors of c(40).
2, 3, 307
Let j = 1757 - 528. Suppose -6*y + 451 + j = 0. Suppose -2*u + y = 2*u. List the prime factors of u.
2, 5, 7
Let w = -577 + 1238. What are the prime factors of w?
661
Suppose -8*x + 0*x = 0. Suppose -114 = -2*z - x*z - 5*r, -343 = -5*z + 2*r. What are the prime factors of z?
67
Let q(p) = p**2 - 11*p + 10. Let u be q(8). Let r = 14 + u. Suppose -o - o + 4*x + 62 = r, -3*o = x - 72. What are the prime factors of o?
5
Suppose 3*w - 3 = 5*a - 119, -3*w - 16 = -a. Suppose -4*l + t + 367 = 0, l - a = -5*t + 72. List the prime factors of l.
2, 23
Suppose 0 = 8*w - 7*w - 156. Suppose 21*j + w = 25*j. What are the prime factors of j?
3, 13
Let m(z) = -z**3 - 10*z**2 - 17*z + 6. Let g be m(-8). Let d = 27 - g. Suppose 0 = 3*i - d - 8. List the prime factors of i.
7
Let s = 818 - 569. What are the prime factors of s?
3, 83
Let p = 18 - 15. Suppose -p*c + 98 = -c. What are the prime factors of c?
7
Suppose -2*l = -5*l + 42. Let r(b) = -b + 29. List the prime factors of r(l).
3, 5
Suppose -7*g + 7860 + 2024 = 0. List the prime factors of g.
2, 353
Suppose -11844 = -31*u + 19*u. What are the prime factors of u?
3, 7, 47
Let k be ((-1)/3)/((-6)/486). Suppose v + 2*v = k. What are the prime factors of v?
3
Let h be 2453/99 + (-2)/(-9). Suppose -4*j + 5*j + 3*w = h, 2*j - 3*w = 23. What are the prime factors of j?
2
Let s = 56 - 56. Suppose -2*b = -s*b - 310. List the prime factors of b.
5, 31
Suppose l - 4*b + 8 = -0*l, 0 = -4*l + 3*b + 7. Suppose 71 = 5*m + 1. Let t = l + m. What are the prime factors of t?
2, 3
Suppose 0 = -j + 5*j. Let u = j - -2. Suppose -u*f - 2*f - 4*b = -144, 4*b = -3*f + 105. What are the prime factors of f?
3, 13
Let f = 820 + 494. What are the prime factors of f?
2, 3, 73
Let l be (6/9)/(3/(-864)). Let f = l - -333. List the prime factors of f.
3, 47
Let d = -573 + 847. Suppose 0 = -4*y - 4*f + 236, -d = -5*y - 4*f + 26. What are the prime factors of y?
2
Let z(d) = d**2 + 11*d + 15. Let t be z(-10). Suppose 0 = 3*y + t*m + 205, -4*m + 215 = -3*y + m. Let l = y - -104. What are the prime factors of l?
2, 17
Suppose -4*h - 2*s - 21 = -s, 4*h - 5*s = -39. Let y(v) = v**2 - v - 6. List the prime factors of y(h).
2, 3
Suppose 0 = -c + 1 + 1. Let i(o) = -3*o**2 + o - 1. Let s be i(c). Let a = s - -16. List the prime factors of a.
5
Let z(c) = 3*c + 8. Let w be z(-3). List the prime factors of (-4)/w*(-26)/(-8).
13
Suppose -5*k - 1555 = 725. Let l be (k/18)/((-2)/3). Suppose 2*x + l = 3*j, j - x = 5*j - 58. List the prime factors of j.
2, 7
Let d be -5*5/(-5)*(1 + 0). Suppose -d*l = -8*l + 156. What are the prime factors of l?
2, 13
Let q(w) = -w**3 - 12*w**2 + 6*w + 6. Suppose 6*t - 13 = 7*t. List the prime factors of q(t).
97
Suppose -l - 4*y = 17, -l - y - 6 = l. List the pri